{"id":1904,"date":"2024-04-17T21:58:13","date_gmt":"2024-04-17T21:58:13","guid":{"rendered":"https:\/\/tiendasicav.com.mx\/?post_type=product&#038;p=1904"},"modified":"2025-04-05T02:53:33","modified_gmt":"2025-04-05T02:53:33","slug":"equipo-mirage-magnum-22-sicav-2-ton-220-volts-frio-calor","status":"publish","type":"product","link":"https:\/\/tiendasicav.com.mx\/index.php\/producto\/equipo-mirage-magnum-22-sicav-2-ton-220-volts-frio-calor\/","title":{"rendered":"Equipo Mirage Magnum 22 SICAV 2 TON 220 VOLTS Fr\u00edo \/ Calor"},"content":{"rendered":"<table class=\"specs-table\">\n<tbody>\n<tr>\n<td>SUMINISTRO EL\u00c9CTRICO<\/td>\n<td>V-Ph-Hz<\/td>\n<td>115-1-60<\/td>\n<\/tr>\n<tr>\n<td>CAPACIDAD DE ENFRIAMIENTO<\/td>\n<td>Ton<\/td>\n<td>1<\/td>\n<\/tr>\n<tr>\n<td>RANGO DE CAPACIDAD DE ENFRIAMIENTO<\/td>\n<td>Btu\/h<\/td>\n<td>4,300 \u2013 13,000<\/td>\n<\/tr>\n<tr>\n<td>RANGO DE CAPACIDAD DE CALEFACCI\u00d3N<\/td>\n<td>Btu\/h<\/td>\n<td>4,300 \u2013 13,000<\/td>\n<\/tr>\n<tr>\n<td>POTENCIA CONSUMIDA<\/td>\n<td>W<\/td>\n<td>950<\/td>\n<\/tr>\n<tr>\n<td>CONSUMO DE CORRIENTE<\/td>\n<td>A<\/td>\n<td>8,5<\/td>\n<\/tr>\n<tr>\n<td>RELACI\u00d3N DE EFICIENCIA ENERG\u00c9TICA ESTACIONAL (SEER)<\/td>\n<td>Btu\/Wh<\/td>\n<td>22.3<\/td>\n<\/tr>\n<tr>\n<td>TIPO Y MONTO DE REFRIGERANTE (CO\/HP)<\/td>\n<td>gr<\/td>\n<td>R410A (660\/810)<\/td>\n<\/tr>\n<tr>\n<td>TIPO DE COMPRESOR<\/td>\n<td><\/td>\n<td>SVS COMPRESSOR (SMART VARIABLE SPEED)<\/td>\n<\/tr>\n<tr>\n<td>FLUJO DE AIRE<\/td>\n<td>m3\/h<\/td>\n<td>560<\/td>\n<\/tr>\n<tr>\n<td>NIVEL DE RUIDO INTERIOR<\/td>\n<td>dB<\/td>\n<td>41<\/td>\n<\/tr>\n<tr>\n<td>DIMENSIONES Y PESO<\/td>\n<td><\/td>\n<td><\/td>\n<\/tr>\n<tr>\n<td>UNIDAD INTERIOR SIN EMPAQUE (WXHXD)<\/td>\n<td>mm<\/td>\n<td>802x295x200<\/td>\n<\/tr>\n<tr>\n<td>UNIDAD INTERIOR CON EMPAQUE (WXHXD)<\/td>\n<td>mm<\/td>\n<td>875x380x285<\/td>\n<\/tr>\n<tr>\n<td>UNIDAD INTERIOR PESO<\/td>\n<td>Kg<\/td>\n<td>9.0\/11.5<\/td>\n<\/tr>\n<tr>\n<td>UNIDAD EXTERIOR SIN EMPAQUE \u2013 SOLO FR\u00cdO (WXHXD)<\/td>\n<td>mm<\/td>\n<td>720x495x270<\/td>\n<\/tr>\n<tr>\n<td>UNIDAD EXTERIOR SIN EMPAQUE \u2013 CON CALEFACCI\u00d3N (WXHXD)<\/td>\n<td>mm<\/td>\n<td>765x555x303<\/td>\n<\/tr>\n<tr>\n<td>UNIDAD EXTERIOR CON EMPAQUE \u2013 SOLO FR\u00cdO (WXHXD)<\/td>\n<td>mm<\/td>\n<td>835x540x300<\/td>\n<\/tr>\n<tr>\n<td>UNIDAD EXTERIOR CON EMPAQUE \u2013 CON CALEFACCI\u00d3N (WXHXD)<\/td>\n<td>mm<\/td>\n<td>887x610x337<\/td>\n<\/tr>\n<tr>\n<td>PUNIDAD EXTERIOR ESO<\/td>\n<td>Kg<\/td>\n<td>25\/30.5<\/td>\n<\/tr>\n<tr>\n<td>TUBER\u00cdA Y CONEXIONES<\/td>\n<td><\/td>\n<td><\/td>\n<\/tr>\n<tr>\n<td>DI\u00c1METRO DE TUBER\u00cdA (L\u00cdQUIDO-GAS)<\/td>\n<td>plg<\/td>\n<td>1\/4\u201d \u2013 1\/2\u201d<\/td>\n<\/tr>\n<tr>\n<td>LONGITUD DE KIT DE TUBER\u00cdA<\/td>\n<td>m<\/td>\n<td>4<\/td>\n<\/tr>\n<tr>\n<td>LONGITUD M\u00c1XIMA PERMITIDA<\/td>\n<td>m<\/td>\n<td>20<\/td>\n<\/tr>\n<tr>\n<td>LONGITUD M\u00c1XIMA VERTICAL<\/td>\n<td>m<\/td>\n<td>8<\/td>\n<\/tr>\n<tr>\n<td>COMPENSACI\u00d3N DE REFRIGERANTE<\/td>\n<td>gr\/m<\/td>\n<td>15<\/td>\n<\/tr>\n<\/tbody>\n<\/table>\n","protected":false},"excerpt":{"rendered":"<p><strong>Minisplit Mirage Magnum Platinum 22 Inverter. Tienda Sicav Quer\u00e9taro S.A. de C.V. Compra en l\u00ednea a precios exclusivos. Instalaci\u00f3n inmediata.<br \/>\n<\/strong>Aire acondicionado inverter tipo minisplit con gas refrigerante de alta eficiencia. Un equipo de bajo costo operativo y m\u00ednimo impacto ambiental.<\/p>\n<div class=\"su-column su-column-size-1-3\">\n<div class=\"su-column-inner su-u-clearfix su-u-trim\">\n<div class=\"sue-icon-text\" data-url=\"\" data-target=\"self\">\n<div class=\"sue-icon-text-content sue-content-wrap\">\n<div class=\"su-column su-column-size-1-3\">\n<div class=\"su-column-inner su-u-clearfix su-u-trim\">\n<div class=\"sue-icon-text\" data-url=\"\" data-target=\"self\">\n<div class=\"sue-icon-text-content sue-content-wrap\">\n<div class=\"su-column su-column-size-1-3\">\n<div class=\"su-column-inner su-u-clearfix su-u-trim\">\n<div class=\"sue-icon-text\" data-url=\"\" data-target=\"self\">\n<div class=\"sue-icon-text-content sue-content-wrap\">\n<div class=\"su-column su-column-size-1-3\">\n<div class=\"su-column-inner su-u-clearfix su-u-trim\">\n<div class=\"sue-icon-text\" data-url=\"\" data-target=\"self\">\n<div class=\"sue-icon-text-content sue-content-wrap\">\n<div class=\"su-column su-column-size-1-3\">\n<div class=\"su-column-inner su-u-clearfix su-u-trim\">\n<div class=\"sue-icon-text\" data-url=\"\" data-target=\"self\">\n<div class=\"sue-icon-text-content sue-content-wrap\">\n<div class=\"su-column su-column-size-1-3\">\n<div class=\"su-column-inner su-u-clearfix su-u-trim\">\n<div class=\"sue-icon-text\" data-url=\"\" data-target=\"self\">\n<div class=\"sue-icon-text-content sue-content-wrap\">\n<p>&nbsp;<\/p>\n<\/div>\n<\/div>\n<\/div>\n<\/div>\n<\/div>\n<\/div>\n<\/div>\n<\/div>\n<\/div>\n<\/div>\n<\/div>\n<\/div>\n<\/div>\n<\/div>\n<\/div>\n<\/div>\n<\/div>\n<\/div>\n<\/div>\n<\/div>\n<\/div>\n<\/div>\n<\/div>\n<\/div>\n","protected":false},"featured_media":1937,"comment_status":"open","ping_status":"closed","template":"","meta":{"_eb_attr":"","site-sidebar-layout":"default","site-content-layout":"default","ast-main-header-display":"","ast-hfb-above-header-display":"","ast-hfb-below-header-display":"","ast-hfb-mobile-header-display":"","site-post-title":"","ast-breadcrumbs-content":"","ast-featured-img":"","footer-sml-layout":"","theme-transparent-header-meta":"default","adv-header-id-meta":"","stick-header-meta":"","header-above-stick-meta":"","header-main-stick-meta":"","header-below-stick-meta":""},"product_cat":[67],"product_tag":[],"class_list":["post-1904","product","type-product","status-publish","has-post-thumbnail","hentry","product_cat-magnum-22"],"_links":{"self":[{"href":"https:\/\/tiendasicav.com.mx\/index.php\/wp-json\/wp\/v2\/product\/1904","targetHints":{"allow":["GET"]}}],"collection":[{"href":"https:\/\/tiendasicav.com.mx\/index.php\/wp-json\/wp\/v2\/product"}],"about":[{"href":"https:\/\/tiendasicav.com.mx\/index.php\/wp-json\/wp\/v2\/types\/product"}],"replies":[{"embeddable":true,"href":"https:\/\/tiendasicav.com.mx\/index.php\/wp-json\/wp\/v2\/comments?post=1904"}],"wp:featuredmedia":[{"embeddable":true,"href":"https:\/\/tiendasicav.com.mx\/index.php\/wp-json\/wp\/v2\/media\/1937"}],"wp:attachment":[{"href":"https:\/\/tiendasicav.com.mx\/index.php\/wp-json\/wp\/v2\/media?parent=1904"}],"wp:term":[{"taxonomy":"product_cat","embeddable":true,"href":"https:\/\/tiendasicav.com.mx\/index.php\/wp-json\/wp\/v2\/product_cat?post=1904"},{"taxonomy":"product_tag","embeddable":true,"href":"https:\/\/tiendasicav.com.mx\/index.php\/wp-json\/wp\/v2\/product_tag?post=1904"}],"curies":[{"name":"wp","href":"https:\/\/api.w.org\/{rel}","templated":true}]}}